e u(d).
-2
Let t(u) = u**2 - 5*u + 6. Let b be ((-4)/14)/(3/(-21)). Suppose -3 + 2 = -b*x - 3*k, 0 = -3*x + 5*k + 30. Give t(x).
6
Let i(r) = -r**2 - 6*r + 1. Suppose 4*c - 15 + 0 = -5*f, 5 = 2*c + 5*f. Let u = 8 - 2. Let a be c*-2*3/u. What is i(a)?
6
Suppose 18 = 3*s - 4*b, 5*s - 2*b = -3*b + 7. Let f(o) = 0*o - o + 7*o**s - 4*o**2. Give f(1).
2
Let p(d) = -7 + 3 - 6*d + 7*d. Suppose -4*t - 1 = -5*r, -3*t - 2*t + r = -25. Let i be t/(-9) + (-26)/6. Determine p(i).
-9
Let v(t) = 2*t**3 + 4*t**2 + 3*t + 2. Suppose -2*x - 4*n = -12, x - 3*n - n = -6. Let p be 3/x*(-1 + -9). Let l be 8/(-5) - (-6)/p. Determine v(l).
-4
Let s(w) = 3*w + 3 + 2*w + 2 - w**2. Let u(q) be the first derivative of -q**3 + 11*q**2/2 + 10*q + 6. Let k(x) = 5*s(x) - 2*u(x). Give k(-4).
9
Let l(t) = -2*t + 6 + 3*t - 7*t**2 - t**3 + 2 + 1. Give l(-7).
2
Let o(t) = 8*t**2 - 1. Let v be o(1). Let c = -12 + v. Let n(m) = 4*m**2 - 3*m - 1 + 3 + 5*m**3 - 4*m**3. Determine n(c).
-8
Let p(i) = i**2 - i - 1. Let n(d) = -6*d**2 + 3*d + 6. Let v be (-1 - (-6)/9)*3. Let k(y) = v*n(y) - 5*p(y). What is k(2)?
7
Let j(b) = -10*b**2 + 3*b - 17. Let m(z) = 3*z**2 - z + 6. Let q be 0 + (0 - 1) - 16. Let f(h) = q*m(h) - 6*j(h). Calculate f(1).
8
Let v be ((-1)/1)/(-1 - -2). Let p(c) = -c**3 + 6*c**2 + 2*c - 3. Let s be p(5). Let b(j) = -s*j**2 + 18*j**2 + 7*j**2. Give b(v).
-7
Let u(h) be the first derivative of 0*h + 0*h**4 - 4/3*h**3 + 0*h**2 - 1/120*h**5 - 1. Let t(j) be the third derivative of u(j). Determine t(-4).
4
Let q(m) = m**3 + 4*m**2 - 5*m - 1. Let l be q(-4). Suppose 0 = u - 4*p - l, -5*u = -u - p - 1. Let g be (1 + u)/(-6 + 4). Let x(t) = -t + 6. Determine x(g).
6
Let q(g) = -5*g**2 + 0*g - 2*g + 3 - 1 + 3*g**2. Let v(f) = -5*f**2 - 5*f + 5. Let n(l) = -7*q(l) + 3*v(l). What is n(3)?
-11
Let c be (24/(-21) - -1) + 117/(-63). Let b(h) = h + 2 - 4 - 2*h. Determine b(c).
0
Let p(v) = -7 - 2*v - v + 2*v. Let u(t) be the first derivative of -t - 7. Let o(n) = p(n) - 3*u(n). What is o(-4)?
0
Let n(r) = -3*r**3 - 4*r + 3 + r**2 + 4*r**3 + 0*r**3. Let b = 9 - 5. Suppose -3*y = -2 - b. Calculate n(y).
7
Let j = -8 + 2. Let q = -4 - j. Let y(w) = w**2 + w. Let b(c) = -4*c**2 + 2*c - 1. Let r(h) = -b(h) - 3*y(h). Calculate r(q).
-5
Let m(k) = 9*k**3 - 6*k**2 - 5*k + 1. Let f(x) = -x**3 + x**2 + x. Let l(a) = -5*f(a) - m(a). Determine l(1).
-4
Let k(o) = o**2 - 5*o + 2. Let h(i) = i**3 + i**2 - i + 3. Suppose 0*c - 2*c = 0. Let b be h(c). Give k(b).
-4
Let j be (0 + (-6)/9)*-3. Suppose -4*q = 20, j*r = r + 2*q + 14. Let o = r - 3. Let p(y) = 8*y**2 - 2*y + 1. Give p(o).
7
Let h(n) be the second derivative of 1/120*n**6 + 1/3*n**3 + 1/20*n**5 + 0 + 2*n + n**2 - 1/8*n**4. Let j(g) be the first derivative of h(g). Calculate j(-4).
-2
Suppose -2*z + 5*m + 10 = 0, 0 = -3*z - 5*m - 5 - 5. Let x(i) = i + 4. Let j(g) = 4*g + 16. Let c(o) = -2*j(o) + 9*x(o). What is c(z)?
4
Let r(s) be the first derivative of -3*s**2/2 - 3*s - 34. Calculate r(3).
-12
Suppose -3*k + 0 = -6. Suppose 5*c - 2*a = -0 + 4, 0 = -k*c + 4*a - 8. Let g(o) = -c - 2*o**2 - 5*o**3 + 0*o**2 - o + 4*o**3. What is g(-2)?
0
Let o(z) be the second derivative of -z**5/20 - z**4/6 + z**3/2 + z**2 - 13*z. Calculate o(-3).
2
Suppose -21 = -4*i + 27. Suppose 2*x = -x - i. Let a(y) = 5*y**2 + 7 + 4*y - 2 + 0*y**2 + 3*y**3 - 2*y**3. Give a(x).
5
Let p be 12/1*(-1)/(-3). Let o(v) = -5*v**3 + v**2 - 2*v + 6. Let j(z) = 14*z**3 - 2*z**2 + 6*z - 17. Let a(s) = p*j(s) + 11*o(s). Give a(-3).
-8
Let n be (4 - 7)*2/(-2). Let r(j) = 3*j + j - j**n + 4*j**2 + 4 + 3 - 6. Calculate r(5).
-4
Let x = -36 - -25. Let o(i) = 3*i**3 + 26*i**2 + 18*i + 6. Let p(y) = y**3 + 9*y**2 + 6*y + 2. Let t(b) = x*p(b) + 4*o(b). Determine t(-4).
-6
Let c(a) = a**2 + 4*a - 1. Suppose -3*n + 5*r - 3 = 2, 24 = -4*n - 2*r. Let p be (-22 - -2)*(-4)/(-10). Let o = p - n. What is c(o)?
-4
Suppose -2*f - 22 = 5*x, -x + 3 - 12 = 5*f. Let n(j) = -2*j**2 - j - 1. Give n(f).
-2
Let k(w) = w**3 + 10*w**2 + 8*w - 11. Suppose 45 = -2*c - 3*c. Let f be k(c). Let v(a) = -3*a. What is v(f)?
6
Let j(l) = l + 1. Let o be j(1). Let r(s) = -105 + 105 - s**2 + 30*s**3 - 29*s**3. Calculate r(o).
4
Let s(f) = -f**3 - 6*f**2 - 5*f + 2. Let h = 4 + -4. Suppose -c + 18 = -3*o, -2*o = 2*c - h*c + 4. What is s(o)?
2
Let a(v) = -1. Let c(w) = -w**3 - w**2 + 4*w + 3. Let f(i) = 4*a(i) + c(i). Determine f(-3).
5
Let u(s) = -s - 1. Let q be -1 + -2*(-33)/(-6). Let m be q/5 - (-4)/10. Calculate u(m).
1
Let x(c) = c**2 - 6*c + 7. Let z be x(3). Let t(l) = -l**2 - 4*l - 3. What is t(z)?
1
Suppose -3*p + 108 = p. Let k = 19 - p. Let z(x) = x + 2. What is z(k)?
-6
Let p(s) be the second derivative of s**6/120 + s**5/10 + s**4/12 + 2*s**3/3 - 2*s**2 - s. Let w(r) be the first derivative of p(r). Determine w(-6).
-8
Let k(b) = b - 2*b**2 + 3*b**2 + 2*b - 3. Suppose -n - 4*y - 11 = 0, -2*n - 2*y = 3*y + 7. Suppose 3*w + 1 - 6 = p, 3*w = -3*p + n. Determine k(w).
7
Let g(w) = -w**2 + 4*w - 2. Suppose -o - 3*o = -2*z + 44, -o = -3*z + 66. Suppose -a + 3*a - z = 0. Let k = -7 + a. What is g(k)?
-2
Let k(c) = 2*c**2 - 4*c. Suppose -p = -5 + 2. Give k(p).
6
Let b(v) = -2 - 4*v + v + 4 + 2*v. Give b(5).
-3
Suppose 0 = 2*x - 4*x. Let h(w) = w**2 - w + 3. Calculate h(x).
3
Let g(q) be the third derivative of q**6/120 - 2*q**5/15 + q**4/4 - q**3/3 - 43*q**2. Calculate g(7).
-9
Let v be (-2)/(-2) - (0 + -1). Suppose v*m + 4 = -2*r - 2*m, -2*r + 23 = -5*m. Let w(o) = o**3 - 6*o**2 + 5*o - 1. Give w(r).
-13
Let h(v) = v**2 - 5*v + 1. Let a be (2 - -1) + ((-4)/2 - -3). Calculate h(a).
-3
Let x = 13 + -11. Let v(g) be the second derivative of 0 + 2*g + 1/6*g**3 + 0*g**x. Determine v(-2).
-2
Suppose -21 + 1 = 5*y. Let u(z) = 3*z - 2. Let m(o) = -2*o + 1. Let x(c) = 5*m(c) + 3*u(c). Determine x(y).
3
Suppose 5*h = -5*n - 10, 3*n + 2*h + 10 = -0*n. Let k(r) = r**3 + 6*r**2 + r - 5. Determine k(n).
-11
Let a = 2 - 1. Let h = 1 - a. Let o be (3 + h/2)/(-1). Let j(i) = i**2 + i - 3. Determine j(o).
3
Let n(t) = -2*t + 3. Suppose 6 = j + 4. What is n(j)?
-1
Let m(d) = d + 1. Suppose -25 + 1 = -3*h. Suppose -h*o = -4*o - 12. Let b(f) = f**3 - 4*f**2 + 2*f + 1. Let x be b(o). What is m(x)?
-1
Let r(i) = -i**3 + 3*i**2 - i. Suppose 2 = -0*m + m. Suppose 0 = x - m*x + 1. Give r(x).
1
Let v(o) be the second derivative of -o**4/8 - o**3/2 - o**2 + 3*o. Let u(w) be the first derivative of v(w). Calculate u(-3).
6
Let p(g) be the third derivative of -5*g**6/24 - g**5/60 + g**4/24 - 3*g**2. What is p(1)?
-25
Let h(b) be the third derivative of b**6/120 - 7*b**5/60 + b**4/24 - b**3/3 + b**2. Let l be h(7). Let w(f) = 3*f**2 + f**2 - 6*f - 3*f**2 + 7. Determine w(l).
2
Let t = -1 - -1. Let n be (-1)/2*(t - -2). Let q(o) = -5*o**3 + 2*o**2 + 2*o + 1. Calculate q(n).
6
Suppose -3*g = 4*f - 5*f - 16, -3*f + 36 = 5*g. Let v(l) = 7*l**2 - 11*l + 12. Let i(p) = 6*p**2 - 10*p + 11. Let r(s) = -6*i(s) + 5*v(s). What is r(g)?
-12
Let a(o) be the first derivative of 0*o**3 + 2 - 1/24*o**4 - o**2 + 0*o. Let j(h) be the second derivative of a(h). Calculate j(0).
0
Let z(a) = -16 + a**3 - a + 15 + a**2 - 3*a**3 + a**3. Let j(r) = 4*r**3 - 6*r**2 + 6*r + 4. Let w(c) = j(c) + 5*z(c). What is w(-2)?
1
Let f = -9 + 16. Let t(s) = 3*s**2 - 7. Let b(o) = o**2 - 2. Let g(p) = f*b(p) - 2*t(p). Suppose 4 = -2*i + 4*i. Give g(i).
4
Let x(c) be the first derivative of 11*c**5/120 + c**3 - 3. Let u(v) be the third derivative of x(v). Suppose -r = 5*f - 10, f + 4*f + 4*r = 25. Give u(f).
11
Let c(u) be the third derivative of 0 + 5/6*u**3 + 0*u + 7/24*u**4 - 2*u**2. Let b(d) = -11*d - 8. Let r(f) = 5*b(f) + 8*c(f). Give r(-3).
-3
Let k = -61/30 + 11/5. Let q(o) be the second derivative of -3/10*o**5 - k*o**3 + 2*o + 0 - 1/12*o**4 - 1/2*o**2. Calculate q(-1).
5
Let z(v) = 6*v**3 - 16*v**2 + 11*v + 6. Let u(j) = -j**3 + 3*j**2 - 2*j - 1. Let n(g) = -11*u(g) - 2*z(g). What is n(2)?
-13
Let i(w) = -2 + 4*w - 6*w**2 + 7*w**2 - 5*w - w**3. Calculate i(0).
-2
Let y(d) = d**2 - 2*d + 28 - 29 + 0*d. Calculate y(3).
2
Let h(o) be the third derivative of 0 - 2/3*o**3 - 1/24*o**4 + o**2 + 0*o. Give h(5).
-9
Let f(g) = 2*g**2 + g. Suppose -54 = -4*z + 6. Suppose -3*m - 3 + z = 0. Suppose -10 = m*o - 2. Give f(o).
6
Let t(g) = g**3 - 8*g**2 - 10*g + 3. Let d be -1 + 11 + (2 